368?
5
What is the ten millions digit of 156899040?
5
What is the millions digit of 127463164?
7
What is the hundred thousands digit of 70807999?
8
What is the hundred thousands digit of 6037601?
0
What is the ten thousands digit of 393225481?
2
What is the hundred thousands digit of 2008644727?
6
What is the units digit of 1232433735?
5
What is the millions digit of 324616885?
4
What is the thousands digit of 48959303?
9
What is the ten thousands digit of 3702373569?
7
What is the millions digit of 475779328?
5
What is the thousands digit of 26550085?
0
What is the units digit of 32187116?
6
What is the thousands digit of 140888215?
8
What is the hundreds digit of 149886850?
8
What is the ten thousands digit of 154573549?
7
What is the millions digit of 67649870?
7
What is the hundred millions digit of 104556757?
1
What is the hundred thousands digit of 127198899?
1
What is the ten millions digit of 31288451?
3
What is the ten thousands digit of 326491626?
9
What is the thousands digit of 90042918?
2
What is the ten thousands digit of 102301450?
0
What is the hundred thousands digit of 240197218?
1
What is the hundred millions digit of 778702411?
7
What is the hundred millions digit of 4120224280?
1
What is the units digit of 1732997946?
6
What is the thousands digit of 565493133?
3
What is the tens digit of 34036401?
0
What is the thousands digit of 268811791?
1
What is the ten thousands digit of 106880504?
8
What is the millions digit of 4939911317?
9
What is the ten thousands digit of 3295521384?
2
What is the hundreds digit of 65339880?
8
What is the ten millions digit of 1558294193?
5
What is the hundred millions digit of 851739170?
8
What is the ten thousands digit of 1577083634?
8
What is the tens digit of 80669379?
7
What is the ten millions digit of 431219494?
3
What is the hundred millions digit of 3553206185?
5
What is the hundred millions digit of 286542767?
2
What is the tens digit of 175205111?
1
What is the units digit of 434842464?
4
What is the ten millions digit of 43473751?
4
What is the ten thousands digit of 22960983?
6
What is the thousands digit of 323969805?
9
What is the hundred millions digit of 322287688?
3
What is the ten millions digit of 154867097?
5
What is the ten millions digit of 401933924?
0
What is the units digit of 15980770?
0
What is the hundred millions digit of 5694046335?
6
What is the units digit of 4036439112?
2
What is the millions digit of 78782374?
8
What is the thousands digit of 152771507?
1
What is the hundreds digit of 112254270?
2
What is the hundreds digit of 1653653892?
8
What is the hundreds digit of 29464993?
9
What is the hundreds digit of 1152311788?
7
What is the hundreds digit of 40787551?
5
What is the hundreds digit of 9382620?
6
What is the tens digit of 353871852?
5
What is the hundred millions digit of 133726857?
1
What is the thousands digit of 2219480528?
0
What is the ten millions digit of 525211860?
2
What is the hundred thousands digit of 790907791?
9
What is the ten thousands digit of 58486201?
8
What is the units digit of 340106348?
8
What is the tens digit of 2601899866?
6
What is the millions digit of 70473800?
0
What is the units digit of 17800477?
7
What is the hundred thousands digit of 2821890603?
8
What is the hundreds digit of 76447686?
6
What is the hundreds digit of 244838675?
6
What is the units digit of 975173?
3
What is the thousands digit of 731882761?
2
What is the ten thousands digit of 2919317658?
1
What is the thousands digit of 71031147?
1
What is the thousands digit of 155291101?
1
What is the units digit of 136200133?
3
What is the ten thousands digit of 1671310779?
1
What is the ten millions digit of 1171883434?
7
What is the millions digit of 287683930?
7
What is the hundreds digit of 9232738?
7
What is the ten thousands digit of 12521791?
2
What is the ten thousands digit of 23437604?
3
What is the units digit of 719007403?
3
What is the hundreds digit of 902356706?
7
What is the hundreds digit of 146853049?
0
What is the units digit of 899428628?
8
What is the ten millions digit of 50695194?
5
What is the hundreds digit of 73275756?
7
What is the thousands digit of 55772350?
2
What is the hundred thousands digit of 4037329744?
3
What is the thousands digit of 796453394?
3
What is the millions digit of 950542052?
0
What is the ten millions digit of 158856132?
5
What is the tens digit of 2246790668?
6
What is the ten millions digit of 134724265?
3
What is the millions digit of 25679004?
5
What is the ten millions digit of 74284950?
7
What is the thousands digit of 5448219379?
9
What is the ten millions digit of 3322528322?
2
What is the units digit of 122978433?
3
What is the tens digit of 1778793637?
3
What is the thousands digit of 1555751154?
1
What is the millions digit of 485144743?
5
What is the hundreds digit of 3443970528?
5
What is the hundreds digit of 41832342?
3
What is the hundred thousands digit of 17456559?
4
What is the millions digit of 9782388?
9
What is the thousands digit of 48826427?
6
What is the ten thousands digit of 1100603724?
0
What is the millions digit of 843331286?
3
What is the tens digit of 399897311?
1
What is the hundreds digit of 188660707?
7
What is the hundreds digit of 327432846?
8
What is the thousands digit of 332920046?
0
What is the hundreds digit of 2225670257?
2
What is the units digit of 863952331?
1
What is the millions digit of 1216629154?
6
What is the ten thousands digit of 708842544?
4
What is the ten thousands digit of 73164839?
6
What is the hundred millions digit of 1451329760?
4
What is the units digit of 679424640?
0
What is the thousands digit of 1680047808?
7
What is the thousands digit of 10704227?
4
What is the billions digit of 6553025345?
6
What is the hundreds digit of 111660905?
9
What is the thousands digit of 418284577?
4
What is the thousands digit of 550015844?
5
What is the billions digit of 3621877882?
3
What is the ten thousands digit of 60844552?
4
What is the hundred millions digit of 7565165705?
5
What is the units digit of 212193224?
4
What is the hundred thousands digit of 555033520?
0
What is the hundreds digit of 127659789?
7
What is the millions digit of 3863704601?
3
What is the thousands digit of 553592699?
2
What is the thousands digit of 957817981?
7
What is the units digit of 418418736?
6
What is the tens digit of 844420212?
1
What is the thousands digit of 196319415?
9
What is the hundreds digit of 122209164?
1
What is the units digit of 220271458?
8
What is the ten millions digit of 106313200?
0
What is the tens digit of 17422227?
2
What is the hundred thousands digit of 644406248?
4
What is the units digit of 326551593?
3
What is the tens digit of 30607380?
8
What is the ten thousands digit of 1232022769?
2
What is the millions digit of 1109674357?
9
What is the hundreds digit of 511579817?
8
What is the billions digit of 3601933985?
3
What is the ten thousands digit of 7444541?
4
What is the hundred thousands digit of 9631107?
6
What is the hundred millions digit of 1878831500?
8
What is the hundreds digit of 1174625075?
0
What is the tens digit of 978847106?
0
What is the tens digit of 74893294?
9
What is the hundred millions digit of 112123231?
1
What is the units digit of 2529487?
7
What is the ten millions digit of 71259494?
7
What is the millions digit of 728065220?
8
What is the millions digit of 1391839100?
1
What is the billions digit of 2913448722?
2
What is the thousands digit of 143567091?
7
What is the thousands digit of 62620723?
0
What is the hundred thousands digit of 34263224?
2
What is the hundred millions digit of 4116190142?
1
What is the units digit of 70446839?
9
What is the millions digit of 770891752?
0
What is the millions digit of 6249414731?
9
What is the millions digit of 2244081361?
4
What is the hundred millions digit of 169787304?
1
What is the hundred millions digit of 463913308?
4
What is the millions digit of 2475676519?
5
What is the thousands digit of 280414392?
4
What is the hundreds digit of 43633988?
9
What is the millions digit of 365568582?
5
What is the ten thousands digit of 4221957639?
5
What is the hundred thousands digit of 497048010?
0
What is the thousands digit of 301153148?
3
What is the tens digit of 198270900